Is m(g) a composite number?
False
Suppose -280*w - 49*w - 188*w = -31233521. Is w a composite number?
False
Suppose 373 = 5*f + 323. Is 1187/(0 - (-5)/f) a prime number?
False
Let m be 8/(-5)*(-6570)/12. Suppose 0 = -5*j + 5*g + 2555, 657 + 876 = 3*j + 5*g. Let k = m - j. Is k composite?
True
Let o be 3/((-48)/(-68)) + (-2)/8. Is ((-25650)/6)/(-5) - o composite?
True
Is (-132)/(-99)*28408095/60 prime?
True
Let s be (64047 - 4) + 1 + -2 + -4. Suppose s = -22*y + 48*y. Is y prime?
False
Let a = 1270299 + -421306. Is a a prime number?
True
Let b = 64191 + -15910. Suppose 0*h + 4*h - 3*k = b, 0 = -2*h + k + 24141. Is h composite?
False
Suppose -5*i = 3*c - c + 9, 12 = 4*c. Is i*12444/(-5) + 4/(-10) a composite number?
True
Suppose -264*m = -68*m - 212152164. Is m a prime number?
False
Let p(l) = -12*l**3 + 15*l**2 - 8*l - 19. Let y be p(8). Let v = 1536 - y. Is v prime?
True
Suppose 5823851 = 48*m - 5091189 - 30448. Is m composite?
True
Let h = -27963 - -70916. Is h prime?
True
Suppose -98*d + 1375018 + 229597 = -1042463. Is d a prime number?
True
Let n = 3871 + -2524. Is -6 - -5*(n + 4) a prime number?
False
Let z(k) be the third derivative of 0 + 89/24*k**4 - 12*k**2 + 0*k - 9/2*k**3. Is z(8) a composite number?
True
Let f(c) = 4*c**2 + 0*c**2 - 181914*c - 5 + 181908*c. Let o(u) = 5*u + 2. Let z be o(2). Is f(z) a prime number?
True
Let i(v) = -9*v**3 - 14*v**2 + 35*v. Let g(w) = 13*w**3 + 21*w**2 - 52*w. Let c(b) = -5*g(b) - 7*i(b). Let a be c(-7). Let r = -111 + a. Is r composite?
False
Suppose 3*l - 26 = 52. Is 42/(-273) + (-38)/l*-15817 a prime number?
True
Suppose 3*w + 0*d - d = 2809, 2*w - 1862 = -2*d. Suppose w = 9*s + 2*s. Is (-9342)/(-10) - 17/s a composite number?
True
Let t = 1322 + 8265. Is t prime?
True
Let g(s) = 111*s**3 + 4*s**2 - 3*s - 9. Let y(b) = b**3 + b**2 - b - 1. Let h(x) = g(x) - 2*y(x). Is h(4) prime?
True
Let l be (54/(-6) - -586376) + 8. Suppose 81790 - l = -45*t. Is t composite?
False
Suppose -18*g + 184674 = -16*g - 2*d, 4*d - 184650 = -2*g. Is g a composite number?
False
Let o(q) = -q**3 + 11*q**2 - 23*q + 11. Let y be o(8). Suppose -y*t + 5052 = -10433. Is t a prime number?
False
Is (-10567160)/(-34) + (-45)/(-255) a composite number?
True
Let c(m) = m**2 + 54*m + 27. Let r be c(-27). Let z = 807 - r. Is z a composite number?
True
Suppose 7*w - 4587 = 166. Is w composite?
True
Suppose 0 = 4*n - i - 17, 3*n + 0*i = 4*i + 29. Suppose 9*p + n = 2901. Suppose 4*t = 4486 - p. Is t prime?
False
Let z be ((-24)/(-9))/(11864/(-1320) + 9). Let m = 1299 - z. Is m a prime number?
False
Let h = 176848 + -112865. Is h a prime number?
False
Let j be (((-16)/6)/4)/((-6)/54). Suppose -3*r - 18 = 3*t, t - 2*t - 3*r = j. Is 4/(-14) + 5295/35 + t composite?
True
Let q(j) = 12*j**3 + j**2 + j + 1. Let h = -33 + 36. Is q(h) composite?
False
Suppose -1016*c + 123866 = -1014*c + 5*w, 2*c - 5*w - 123906 = 0. Is c a prime number?
False
Let x be ((-10)/(-25))/(18/(-20) - -1). Let l be x*(1/(-2) + 1). Let y(j) = 265*j**2 + j - 1. Is y(l) a prime number?
True
Let q(f) = 4698*f**2 - 100*f + 623. Is q(6) composite?
False
Let c(x) = 222*x + 49. Let k be c(8). Is k/(-10)*(-176)/40 a composite number?
True
Suppose 0 = 9*a - 73 - 80. Suppose 22*y - 2065 = a*y. Is y a prime number?
False
Suppose -2*d - 4*q = -305342, -d + 610607 = 3*d - 3*q. Is d a composite number?
False
Suppose 27*k = 22*k - 3*g + 2977977, -2977965 = -5*k - 5*g. Is k prime?
False
Let o = 10121 - 1599. Let c = o - 5913. Is c a prime number?
True
Let i(w) = w**2 - 2*w - 5. Let a be i(3). Let d(m) = -397*m + 6. Let n be d(a). Suppose 3*k - n = 1597. Is k a prime number?
False
Let l be 3 + -3 + 8 + 0 + -3. Suppose -3*r = -4*y - 13862 + 52831, 5*y - l*r - 48710 = 0. Is y a prime number?
True
Is 11431/4 + ((-2)/(-3))/(328/123) a prime number?
False
Suppose -3 = 5*h - 3*a, -h - 5*a + 5 = 2*h. Let j = h - -5. Suppose 2*b + 113 = 3*t + b, -215 = -j*t - 5*b. Is t composite?
True
Let s(v) = 5643*v**2 + 1123*v + 1. Is s(6) a prime number?
True
Suppose -5263 - 19799 = -12*r + 2934. Is r composite?
False
Let z = -105 + 81. Is ((-152)/z)/(5/1005) a prime number?
False
Suppose 62 - 118 = -14*p. Suppose -p*v + 3818 = -3666. Is v prime?
True
Let i = -41743 - -96782. Suppose -i = -2*l - 21*l. Is l prime?
True
Let z = 182 + -163. Suppose -23*a = -z*a - 6316. Is a prime?
True
Let g(t) = 527*t**2 - 3*t + 3. Let v be g(1). Let c = -24 + v. Is c a prime number?
True
Is (8 + (-297)/54)*(-602974)/(-5) a composite number?
False
Suppose 5 = -5*u, 2*t - 171*u - 1612512 = -173*u. Is t prime?
True
Suppose -5*d - 88901 = 28644. Is 12 + -8 - (0 - d)/(-1) a prime number?
False
Let j(f) be the first derivative of -f**3/3 + 15*f**2/2 - 41*f + 8. Let g be j(11). Suppose -q - w + 750 = -0*w, -2*q + g*w + 1515 = 0. Is q composite?
True
Let g = -2374 + 7116. Is g a composite number?
True
Let d(n) = -n**3 + 10*n**2 - 3*n + 57. Let c be d(10). Suppose c*v + 18477 = 30*v. Is v prime?
False
Let w = -405 - -412. Is 794 + (-3 - (w + -5)) a prime number?
False
Let c be (65/(-4))/((-24)/96). Let p = c + -69. Is (6/27*-33)/(p/30) a composite number?
True
Let c = 3506 + -1745. Let f = 362 + c. Is f a prime number?
False
Let o be (3/6*-1)/((-1)/16). Let r be 9*(-5)/((-60)/o). Is (-3)/(-6) - (-1095)/r composite?
True
Suppose -57*g - 2528 = -2*z - 62*g, 5*z - 6289 = 3*g. Is z composite?
False
Let b be (-16)/6*(-134481)/46. Let p = b - 5457. Is p a composite number?
False
Let u = -207130 + 307509. Is u a composite number?
False
Let d(g) = 14*g**2 + 39*g + 20. Is d(103) a prime number?
True
Let t = -193574 - -93079. Let x = 177516 + t. Is x composite?
True
Let h(j) = 438*j + 19. Let y(n) = n + 1. Let r(u) = -h(u) - 4*y(u). Is r(-3) a composite number?
False
Suppose -4*l + 236249 = -3*i, 0 = -14*l + 18*l - 4*i - 236248. Is l prime?
True
Let w(c) = 36433*c + 8923. Is w(78) composite?
False
Let n(k) = 4*k - 60. Let r(f) = -4*f + 59. Let y(p) = -6*n(p) - 7*r(p). Let i be y(12). Is i/(30/(-446))*3 a composite number?
False
Suppose 3*z - 18*o = -14*o + 23025, 2*z - 5*o = 15350. Is (24/(-4) + z)/((-2)/(-2)) a prime number?
True
Let r = 9950 + 2301. Is r prime?
True
Let m = -28154 - -48917. Suppose -3*a - 6*a = -m. Is a prime?
False
Let o be (-4 - -1) + 11 + (-1 - 2). Suppose o*u = -2*m + 2339, u - 3*u - 1147 = -m. Is m a composite number?
True
Let t(d) = 18*d**3 - 3*d**2 + 8*d + 11. Let z be t(8). Suppose 11*q - 91166 = z. Is q prime?
False
Let a = 945016 - 673587. Is a a composite number?
False
Let x = -69 - -72. Suppose -x*d = -2*y + 5, -5*d + 0*d = -3*y + 9. Let z(a) = -15*a**3 - a**2 - 2*a - 1. Is z(d) prime?
True
Suppose -a - 4*m + 1062 = 0, -5*a + 3*m = 1139 - 6495. Let t = 1941 - a. Is t composite?
True
Let l = 686 - 681. Let f(u) = 291*u + 46. Is f(l) composite?
True
Let z(f) = -24 + 288*f + 156*f - 8 - 87*f. Is z(3) prime?
True
Let g(j) = 520*j**2 + 5*j - 83. Is g(6) prime?
False
Suppose 0 = 46*p - 6964229 - 3418937. Is p a composite number?
False
Let o = 350 + -261. Suppose -86*z + o*z - 16527 = 0. Is z a composite number?
True
Suppose 5*z - 5*m = -2657 + 15507, -2*z + 5143 = -3*m. Is z a prime number?
False
Let y be (1/3 + -1)*3 - -15. Suppose -q = x + 1, -3*x = 2*q - 4*q + y. Suppose -q*v + 4*h + 22 + 24 = 0, -20 = 4*h. Is v prime?
True
Let h(k) = -1627*k**3 - 22*k**2 - 119*k - 45. Is h(-4) a prime number?
True
Let m = -8911 + 16670. Is m a composite number?
False
Let b(c) = -115*c + 43. Let r(o) = -4*o - 24. Let x be r(-8). Let j be 880/(-30) + x/6. Is b(j) composite?
True
Let z(w) = -w + 5. Let l be z(-3). Is ((l/3)/(-4))/((-72)/472284) a prime number?
True
Suppose 0 = -4*q + t - 7, 5*q + 7*t - 4*t = 4. Let l(u) = -301*u - 5. Let f(n) = -n. Let k(w) = q*l(w) + 2*f(w). Is k(4) a composite number?
False
Let p be (-455)/(-13)*(-2 + 3)*1. Suppose p*c - 379 = -r + 32*c, 5*r = -c + 1895. Is r a prime number?
True
Let a = -109022 - -248575. Is a composite?
True
Let y = 3174 - 2246. Suppose 5*p - l = -2302, -2*p + 3*l + l - y = 0. Is p/10*2/(-4) prime?
True
Let m(i) = -299*i - 1. Let j(d) = -d + 9. Let v be j(5). Suppose v = l + 20. Is m(l) composite?
False
Let c(o) = -972*o - 471. Let v(d) = -647*d - 314. Let p(y) = -5*c(y) + 7*v(y). Is p(4) prime?
True
Let c be 4/4*10 + -5. Suppose -4*f + 2255 = 5*n + f, -4*n + c*f = -1804. Is